{"id":56,"date":"2013-06-07T11:07:19","date_gmt":"2013-06-07T11:07:19","guid":{"rendered":"http:\/\/demo2.woothemes.com\/woocommerce\/?post_type=product&amp;p=56"},"modified":"2013-06-07T11:07:19","modified_gmt":"2013-06-07T11:07:19","slug":"ninja-silhouette-2","status":"publish","type":"product","link":"https:\/\/www.supremotech.si\/trgovina\/product\/ninja-silhouette-2\/","title":{"rendered":"Gerard stre\u0161nik klasik"},"content":{"rendered":"<div class=\"box-collateral box-description\">\n<div class=\"std\">Stre\u0161nik Gerard Klasik je, kot pove \u017ee ime, simbol trajne odli\u010dnosti. Odra\u017ea dolgo \u017eivljenjsko dobo izdelkov, izdelanih na podlagi tradicionalnih obrtnih ve\u0161\u010din, katerih kakovost je prestala preizkus \u010dasa.<\/div>\n<p><\/p>\n<div class=\"std\"><\/div>\n<div class=\"std\">Kritina s posipom gerard stre\u0161nik klasik \u010drn 1323&#215;370 mm<\/div>\n<p><\/p>\n<div class=\"collateral-box\">\n<div class=\"short-description\">\n<ul>\n<li>Za naklone od 12\u00b0 naprej.<\/li>\n<li>Lahka jeklena kritina.<\/li>\n<li>50 letna garancija.<\/li>\n<\/ul>\n<\/div>\n<\/div>\n<div class=\"collateral-box\">\n<div class=\"std\">Poraba 2,14 kos\/m2.<br \/>\nPokrivna dol\u017eina: 1265 mm.<br \/>\nPokrivna \u0161irina: 369 mm.<br \/>\nTe\u017ea: 6,4 kg\/m2.<\/div>\n<\/div>\n<\/div>\n","protected":false},"excerpt":{"rendered":"<h5>KRITINA S POSIPOM GERARD STRE\u0160NIK KLASIK \u010cRN 1323X370 MM<\/h5>\n","protected":false},"featured_media":4172,"template":"","meta":[],"_links":{"self":[{"href":"https:\/\/www.supremotech.si\/trgovina\/wp-json\/wp\/v2\/product\/56"}],"collection":[{"href":"https:\/\/www.supremotech.si\/trgovina\/wp-json\/wp\/v2\/product"}],"about":[{"href":"https:\/\/www.supremotech.si\/trgovina\/wp-json\/wp\/v2\/types\/product"}],"wp:featuredmedia":[{"embeddable":true,"href":"https:\/\/www.supremotech.si\/trgovina\/wp-json\/wp\/v2\/media\/4172"}],"wp:attachment":[{"href":"https:\/\/www.supremotech.si\/trgovina\/wp-json\/wp\/v2\/media?parent=56"}],"curies":[{"name":"wp","href":"https:\/\/api.w.org\/{rel}","templated":true}]}}